 the units digit of m?
4
Let x(w) = 97*w - 127. Let q = -140 + 148. What is the units digit of x(q)?
9
Let v(m) = m**2 - 56*m - 1185. What is the thousands digit of v(-62)?
6
Let l = -22 - -41. Let j be -11 + l + -2 + -1. Suppose -3*t = 5*z - 104 - 181, -j*t = 5*z - 295. What is the tens digit of z?
5
Let m(n) = -2*n. Let f be m(-2). Suppose -s - 6 = 5*p - 3, 2*p + f = s. What is the units digit of 51 - 8/s*1?
7
What is the thousands digit of (-141327)/(-54) + (-1)/(-3) - (-5)/(-2)?
2
Suppose 3 = 8*t - 7*t. Suppose -7 + t = -2*b. Let a(m) = 27*m**2 + 2*m + 3. What is the hundreds digit of a(b)?
1
Let r be 1*(20/(-5) - -8). Let f be 18*(226/6 + r). Suppose -33*k - f = -38*k. What is the hundreds digit of k?
1
What is the tens digit of 32741 + -6 + 1/(-3)*15?
3
Let z(f) = 5*f**2 + 36*f + 18. Let m be z(-21). Suppose 2*u + 351 - m = 0. What is the units digit of u?
8
Let m(t) = -2*t**2 + 54*t - 104. Let g be m(25). What is the units digit of -2 + 2 + (-5 - (-666 - g))?
7
Suppose -17*x - 14*x + 882 = -10*x. Suppose 7*d - 48 = 3*d. Let z = x - d. What is the units digit of z?
0
Let b = -22929 + 41541. What is the thousands digit of b?
8
Let m = -4927 + 5125. What is the units digit of m?
8
Suppose -x - 4*x = -5*p + 1295, -2*x + 538 = 2*p. Let t = p + 282. What is the hundreds digit of t?
5
Let i(r) = -r. Let l(q) = 2*q - 36. Let z be 1/4 + ((-294)/(-8))/(-7). Let t(p) = z*i(p) + l(p). What is the units digit of t(6)?
6
Let q be 430/(4/(-6)*12/(-8)). Let w = q + -339. What is the units digit of w?
1
Suppose 0 = -3*z - u + 21330, -z + 3216 = -2*u - 3894. What is the hundreds digit of z?
1
Let u = 91216 + -53747. What is the tens digit of u?
6
Let p be -1 - (6 - (-2725)/(-5)). Let j = p + -65. What is the tens digit of j?
7
Suppose -4*i + 2275 = 5*q - 2882, -3*i + 4*q + 3891 = 0. Let o = i - 720. What is the hundreds digit of o?
5
Let s(b) = 2*b. Let f(x) = x**2 + 31*x + 13. Let c(z) = f(z) - 6*s(z). What is the tens digit of c(16)?
7
Let n(f) = f + 20. Let m be n(-16). Let j be (m + 4 + 57)/((-2)/(-6)). Suppose 0 = -l - 60 + j. What is the tens digit of l?
3
Let x(y) = -139*y**3 - 9*y**2 - 36*y + 117. What is the tens digit of x(-5)?
4
Suppose 0 = -37*p + 34*p - 3*l + 16179, -5*p - 4*l + 26968 = 0. What is the thousands digit of p?
5
Let r(o) = 9*o**2 - 432*o - 352. What is the hundreds digit of r(94)?
5
Let c(f) = 363*f**3 + 3*f**2 - 3*f + 3. Let q be c(1). Suppose -2*m - q = -2*b + 508, 3*b + 3*m = 1311. What is the hundreds digit of b?
4
Let h = 18415 - -6795. What is the ten thousands digit of h?
2
Let x = 12444 + -10855. What is the units digit of x?
9
Let r(t) = 74*t**2 + 3*t - 4. Let x be r(3). Let q(d) = 903*d - 2. Let y be q(2). Suppose -x + y = 11*l. What is the units digit of l?
3
Let h be ((2 - 3)/1)/((-72)/432). Suppose h*g - 17*g + 9064 = 0. What is the hundreds digit of g?
8
Let z = 5441 - 1213. Suppose -6*o = 8*o - z. What is the units digit of o?
2
Let v be (-2)/9 - (-664)/72. Let i be v/((-6)/9 - 13/(-6)). What is the units digit of 711/i*10/15?
9
Let b(c) = 13*c**2 - 22*c - 468. What is the thousands digit of b(-13)?
2
Let m be (0 + 3)/((12/3)/4). Suppose -15 = 5*l, 3*l = -m*u + 4*l + 957. What is the tens digit of u?
1
Let z = 3780 - 1074. What is the tens digit of z?
0
Let n be 3/18*-32*(-18)/(-8). Let u be n + 13 - (-61)/1. Let d = u - -9. What is the tens digit of d?
7
Let g = 4281 + 8691. What is the units digit of g?
2
Let t(w) = 39*w - 5. Suppose -10*f = -13 - 27. Let i(a) = -40*a + 4. Let z(o) = f*i(o) + 3*t(o). What is the tens digit of z(-1)?
4
What is the tens digit of ((-6)/4*(-2)/6)/((-20)/(-264080))?
0
What is the units digit of ((-126270)/(-50) - 14) + 4/(-10)?
1
What is the tens digit of ((-48)/27 - -2) + 8870755/1035?
7
Let b(s) be the second derivative of 2*s**3/3 + 17*s**2/2 + 15*s. Let y be b(-5). Let p(i) = -24*i - 5. What is the units digit of p(y)?
7
Suppose 222*l + 17447 = -222*l + 445*l. What is the ten thousands digit of l?
1
Suppose -p + 13555 + 13813 = 0. What is the hundreds digit of p?
3
What is the units digit of 2954 - -4 - (24/8 + -9)?
4
Suppose -54 = 30*k - 31*k. Let t = k + -76. Let j = 96 - t. What is the hundreds digit of j?
1
Suppose -3*u - u + 60 = 0. Let f = u - -36. Suppose -29 - f = -w. What is the units digit of w?
0
Suppose 3*k + 2 = l, 13 = -2*k + 5*l + 3. Suppose 4*c - b - 145 = k, -2*b + 4*b = c - 45. What is the units digit of c?
5
Let j = 50180 - 1973. What is the hundreds digit of j?
2
Let z be 4/((-1 - 2)/((-255)/(-2))). Let d = 360 + z. What is the units digit of d?
0
Let t(c) = -c**3 - 6*c**2 + 7*c. Let s be t(-7). Let o(g) = -2*g + s*g - 7 + 23. What is the units digit of o(-4)?
4
Let o(v) = -5*v + 17. Let r(n) be the second derivative of -5*n**3/3 + 35*n**2/2 - 22*n. Let x(t) = -9*o(t) + 4*r(t). What is the tens digit of x(17)?
7
Let h(j) = -10*j**2 - 2*j**2 - 4*j + 3*j**2 - j**3 + 10. Let l be h(-9). Suppose -t = -l - 7. What is the tens digit of t?
5
Let g = -30 + 43. Suppose -3*h = 2*s - 1202, -h + 9*s - g*s = -384. What is the units digit of h?
4
Suppose 5*z = -9*t + 4*t + 275, 0 = 3*z - 2*t - 185. Let x be z + (-12 - -13 - (3 + -1)). Let b = x + 43. What is the hundreds digit of b?
1
Let v(i) = -5*i**2 + 2 - 3*i**2 + 61*i - 14*i**2 - 71*i + i**3. What is the units digit of v(23)?
1
What is the units digit of ((-37936)/(-12))/(8*10/120)?
2
Suppose 413242 = 27*h - 297857. What is the hundreds digit of h?
3
Let w = 326 + -325. What is the tens digit of w/(-1) + ((-861)/(-7) - 7)?
1
Let z be (-36)/(-5) + 2/(-10). Suppose 37*u + 14 - 88 = 0. Let g = z + u. What is the units digit of g?
9
Let l(c) = 2*c**2 + c - 104. Let k be l(8). Suppose -k*o + 10322 = -6*o. What is the hundreds digit of o?
3
Suppose -q + 16419 = 3*w, 25*w + 16407 = 28*w + 3*q. What is the tens digit of w?
7
Let r = -160 - -163. Suppose -t = -6*t - 3*x + 1003, 4*t - r*x - 797 = 0. What is the units digit of t?
0
Let k(b) = -22*b**3 - 17*b**2 - 84*b - 456. What is the tens digit of k(-12)?
2
Let r(l) be the first derivative of -l**2/2 - 7*l + 17. Let d be r(-10). Suppose -d*v = -0*v - 264. What is the tens digit of v?
8
Suppose 4*o = -v + 101026, -4*o + 10*v + 101022 = 9*v. What is the units digit of o?
6
Let r = 228 - 423. Let z be ((-88)/10)/((18/r)/(-3)). What is the tens digit of (z/8)/(7/(-28))?
4
Let j(q) = -q**3 + 16*q**2 - 3*q + 9. Let y(o) = o**3 + 5*o**2 - 9*o - 5. Let f be y(-6). What is the units digit of j(f)?
7
What is the hundreds digit of 18/(-72) + 95205/20?
7
Suppose 14 = -p + 4*p + 2*k, -4*k + 12 = -2*p. Let a be 0 + p/10 + 54/5. Suppose -a*y - 302 = -13*y. What is the hundreds digit of y?
1
Let d = -16988 - -36632. What is the thousands digit of d?
9
Let g be 5710/24 - (-9)/108. Let c = 579 - g. What is the tens digit of c?
4
Let r = -254 - -731. Let v = r + -138. What is the tens digit of v?
3
Let r = -5242 - -42174. What is the ten thousands digit of r?
3
Suppose r + 60 = 5*r. Suppose 4*o + r*o = 1292. What is the tens digit of o?
6
Suppose 2*k + 5*a = 98, -5*k + a = 3*a - 287. Suppose -9*g + 292 - 77 = -82. Let p = k - g. What is the tens digit of p?
2
Let v = -36 - -40. Suppose -v*h = 2*t - 1650, 390 = h + 4*t - 8*t. What is the units digit of h?
0
Suppose 16*z + 21 = -11. Let f(k) = -243*k + 75. What is the tens digit of f(z)?
6
Let w(z) = 4*z**2 + 56*z - 152. Let k be w(-28). Suppose -14*j + 16956 = k. What is the thousands digit of j?
1
Suppose 4*z + 19*t - 14*t - 12294 = 0, -8*z = 5*t - 24618. What is the tens digit of z?
8
Suppose 3*g - 95040 = -57*q + 62*q, 3*g - 2*q = 95040. What is the tens digit of g?
8
Let r(m) be the third derivative of -m**4/2 + 19*m**3/6 - 3*m**2. Let h(u) = -11*u + 19. Let v(f) = -7*h(f) + 6*r(f). What is the units digit of v(6)?
1
Suppose -3*b + 8*b = -o, -b = 1. Suppose -3*q = -a - 7, 4*q = -0*a + o*a + 2. Suppose a*s - 33 = 279. What is the units digit of s?
6
Let w(c) = 5*c**2 - 10*c - 3. Suppose -5*n = -11*n + 30. Let q be w(n). Suppose 0 = 10*o - 6*o - q. What is the units digit of o?
8
Suppose -y + 20 = 13, 5*z - 4*y - 88937 = 0. What is the thousands digit of z?
7
Suppose -10*l + 18247 + 46763 = 0. What is the tens digit of l?
0
Suppose 14*z + 335271 = 32*z + 28947. What is the hundreds digit of z?
0
Suppose 0 = -4*i - 4*o + 14436, -2*i + 25*o 